094
In base 3, what is -1201022021000121 + -10?
-1201022021000201
In base 8, what is 301 - 127026?
-126525
In base 9, what is -1540748 + 238?
-1540510
In base 13, what is -3 - -15a3055c?
15a30559
In base 15, what is -18436b7 - 0?
-18436b7
In base 3, what is 1112212 + -2102001010?
-2100111021
In base 2, what is 101100101 + -10011101101110?
-10011000001001
In base 14, what is -69835 + -4?
-69839
In base 5, what is 14 - -44314004?
44314023
In base 5, what is -22001003124 - -2?
-22001003122
In base 4, what is -1201030 + 210100320?
202233230
In base 11, what is 8362768 + 6?
8362773
In base 9, what is -5 - 10185042?
-10185047
In base 13, what is 3c6c + -16246?
-122a7
In base 3, what is 111112200200 - 121021?
111112002102
In base 9, what is -334 - -2287263?
2286828
In base 12, what is -5 - -635ab451?
635ab448
In base 6, what is 12 + 344043552?
344044004
In base 12, what is 1b75 - -99b?
2954
In base 12, what is -9bb0 - 160?
-a150
In base 4, what is 22000 + 1203312?
1231312
In base 4, what is -11020213 - 10?
-11020223
In base 15, what is 4 + -28561e?
-28561a
In base 12, what is 144 + -623909?
-623785
In base 12, what is -5 + -9bb281?
-9bb286
In base 9, what is -624577 - -60?
-624517
In base 5, what is 1 - -1234204141?
1234204142
In base 8, what is -2111114343 + 2?
-2111114341
In base 15, what is 250 - b556?
-b306
In base 2, what is 1111001110110010 + 1101?
1111001110111111
In base 3, what is -211122100100 - -10220?
-211122012110
In base 16, what is 16904f - 0?
16904f
In base 12, what is 7584 - -128a3?
1a267
In base 4, what is 103032013 - 100301?
102331112
In base 16, what is -1507 + 617?
-ef0
In base 13, what is 37b - -18095?
18443
In base 12, what is -205a03 - 129?
-205b30
In base 8, what is -3745576 + -5?
-3745603
In base 4, what is 312010 + -1033133?
-121123
In base 12, what is -125 - -439ba?
43895
In base 4, what is 203 + -12011232?
-12011023
In base 11, what is 392a + 316?
4145
In base 4, what is 1231 + 130130023?
130131320
In base 8, what is -244 + 225073?
224627
In base 11, what is 11 - -3288406?
3288417
In base 5, what is -332 + 30114403?
30114021
In base 4, what is 131220230203 - -10?
131220230213
In base 13, what is -22986 - 6b?
-22a24
In base 8, what is 303422 - 15?
303405
In base 2, what is -1001 + 1111000000011111011001?
1111000000011111010000
In base 3, what is 1002212 - 211111121?
-210101202
In base 9, what is -3 + 2037303?
2037300
In base 6, what is 152251134 + -1004?
152250130
In base 14, what is 9a63 - -2d38?
c99b
In base 9, what is -35 + 271534?
271488
In base 9, what is 48151536 - -1?
48151537
In base 11, what is 9368483 - 5?
9368479
In base 7, what is -50521 + 4546?
-42642
In base 16, what is -84c0 + -5f?
-851f
In base 12, what is -4 + 1386089?
1386085
In base 15, what is 19427d - -17c?
19440a
In base 3, what is 121211012 - 11010122?
110200120
In base 16, what is e0 + 7dc0?
7ea0
In base 13, what is 311b5 + 725?
3190a
In base 13, what is 162aa6b5 - 4?
162aa6b1
In base 2, what is 111111110000000001111011001101 + 101?
111111110000000001111011010010
In base 16, what is -24b33 + -15dc?
-2610f
In base 13, what is -35660 + 55?
-35608
In base 16, what is 2 - 11f589e?
-11f589c
In base 14, what is 3 - 279d560?
-279d55b
In base 13, what is -15 + 2b2367?
2b2352
In base 15, what is -b6c078 + -1e?
-b6c097
In base 5, what is -1000 - -20142301?
20141301
In base 11, what is 729339 - 3a6?
728a43
In base 11, what is 4 - -11909095?
11909099
In base 3, what is -20 + 102210112012?
102210111222
In base 12, what is 19381 - 1340?
18041
In base 7, what is -601 - -2616000?
2615066
In base 7, what is -23 - -2201662?
2201636
In base 8, what is 0 - 51770000?
-51770000
In base 15, what is -272 - 355?
-5c7
In base 12, what is 7 - 159478?
-159471
In base 15, what is ce61 - 16c?
cce4
In base 12, what is -17a494 - -3b6?
-17a09a
In base 5, what is 11112140442 + 23?
11112141020
In base 15, what is 1bd9 - 445e?
-2775
In base 15, what is -17e15 + 1?
-17e14
In base 3, what is 122 - -2220201001211?
2220201002110
In base 10, what is -1 + -155684741?
-155684742
In base 5, what is 120 + -11323423?
-11323303
In base 15, what is -34275c + 3e?
-34271d
In base 8, what is 3 + -256273731?
-256273726
In base 4, what is -11011323222 - -131?
-11011323031
In base 8, what is 1 - 56364351?
-56364350
In base 12, what is 717b6b - -2?
717b71
In base 10, what is -5 - 2486375?
-2486380
In base 16, what is 7781a - f3?
77727
In base 3, what is 12 - 11211121111220001?
-11211121111212212
In base 16, what is -2aa + -3204?
-34ae
In base 7, what is 105240646 + 3?
105240652
In base 15, what is -1817ec - 4e?
-18184b
In base 11, what is -96 + 527a?
5194
In base 16, what is -4af5f1c - 4?
-4af5f20
In base 10, what is -15 + -3068930?
-3068945
In base 15, what is de282 + -2e?
de253
In base 10, what is 1 - 2438168?
-2438167
In base 5, what is -2404 + -10232041?
-10240000
In base 2, what is -101001111 + -100001110100011101?
-100001111001101100
In base 6, what is -42 + 215543?
215501
In base 15, what is 668e + 8035?
e6c4
In base 4, what is -10 + -3330012331320?
-3330012331330
In base 5, what is -121430 + -111341?
-233321
In base 3, what is 1200100000001022 + -110?
1200100000000212
In base 7, what is 2415 - -1141561?
1144306
In base 5, what is -413214034144 + -1?
-413214034200
In base 9, what is -2011586 + -7?
-2011604
In base 13, what is -6332ba2 - 4?
-6332ba6
In base 14, what is b336293 - 1?
b336292
In base 9, what is -5 - 220602086?
-220602102
In base 15, what is -23d2 - 64ca?
-88ac
In base 2, what is -100101010101111011101001 + -11?
-100101010101111011101100
In base 5, what is -1011010 - -110440?
-400020
In base 4, what is -221030232133 - -220?
-221030231313
In base 16, what is 5cc + -282e7?
-27d1b
In base 2, what is 110011110110011010110 + -1?
110011110110011010101
In base 9, what is -12 - 1347008?
-1347021
In base 14, what is -2 - -208ab30?
208ab2c
In base 10, what is 2 - 23712240?
-23712238
In base 15, what is 1ecc355 + 1?
1ecc356
In base 3, what is -10111120 - 12200211220?
-12211100110
In base 10, what is 5854952 - -57?
5855009
In base 7, what is -1636521 - -344?
-1636144
In base 15, what is 6edb67 - -123?
6edc8a
In base 12, what is 119b591 + -b?
119b582
In base 4, what is -121 - -121113321?
121113200
In base 5, what is -2131 + 1011134?
1004003
In base 8, what is 0 + 130704226?
130704226
In base 3, what is -1 + -22100020120100112?
-22100020120100120
In base 14, what is -b9 + 56a9?
55d0
In base 12, what is -1 - -118710b1?
118710b0
In base 9, what is -506 + 1288626?
1288120
In base 8, what is 5 + 433756271?
433756276
In base 15, what is 14059ed - 10?
14059dd
In base 9, what is 1167 + 81334?
82512
In base 8, what is -22 + 3014401?
3014357
In base 4, what is -10 - 2122333222?
-2122333232
In base 14, what is -13b0c2 - -1d1?
-13acd1
In base 10, what is -560 + 39481?
38921
In base 15, what is -7e0 - 296?
-a86
In base 7, what is -514050 - -3111?
-510636
In base 9, what is -8873 + 265?
-8607
In base 12, what is -9 + 28b90885?
28b90878
In base 3, what is 210211002021210 + -1?
210211002021202
In base 9, what is -37173 + 2143?
-35030
In base 14, what is -13d28d + 17?
-13d276
In base 14, what is -75d23dd + -12?
-75d2411
In base 8, what is -271107 + -1347?
-272456
In base 2, what is -1 - 1011000001111010110110?
-1011000001111010110111
In base 8, what is -1 - 211114010?
-211114011
In base 12, what is -24 + -20104?
-20128
In base 12, what is -67 - -538703?
538658
In base 15, what is ac - 25e95?
-25dd8
In base 14, what is 94 + 1cdaa9d?
1cdab53
In base 12, what is 5 + -32603366?
-32603361
In base 5, what is 104114111 - 20?
104114041
In base 5, what is 11221 - 43434434?
-43423213
In base 4, what is 13022123101 + 11?
13022123112
In base 2, what is 1000010110101100100101 + -1110?
1000010110101100010111
In base 4, what is 1220 + -2023000303?
-2022333023
In base 13, what is 3a3872b - -1?
3a3872c
In base 11, what is 122175 + 19a?
122364
In base 15, what is -97d1463 + -4?
-97d1467
In base 13, what is 2c645 - -2c?
2c674
In base 9, what is 3 - -555341105?
555341108
In base 15, what is 1b46b7 + 17?
1b46ce
In base 12, what is 1bb8 - -4a16?
6a12
In base 13, what is 847 + 201b?
2865
In base 14, what is -39 + -62447?
-62482
In base 7, what is 16354 - -255?
16642
In base 3, what is 1 + -2111101010120?
-2111101010112
In base 4, w